191 - p. Is z composite?
True
Suppose -7*q + 41 = -22. Let g(v) = v**2 - 6*v + 10. Is g(q) a prime number?
True
Let p(h) = 48*h + 11. Let d(q) = -q**3 - 9*q**2 - 10*q - 8. Let k be d(-8). Let b(g) = g - 3. Let t be b(k). Is p(t) a prime number?
True
Let y = -116 - 37. Let j = y - -302. Is j a composite number?
False
Let p be 364*(4 + (-27)/12). Suppose 4*t - 1208 = -5*w, -2*t - 3 = -5*w - p. Is t a composite number?
False
Suppose -c = -5*l + 40 + 310, -3*l = 4*c - 187. Suppose -4*n - l = -7*n. Is n prime?
True
Let a(d) = d**3 - 7*d**2 + 7*d - 6. Let m(i) = 2*i**3 - 13*i**2 + 12*i - 11. Let n(u) = 7*a(u) - 4*m(u). Suppose -1 = 3*g + 8. Is n(g) a composite number?
False
Suppose -32225 = -5*s - 5*p, -3*s - 2*p + 6441 = -2*s. Is s a composite number?
False
Let s(c) = -c**3 - 7*c**2 - 5*c + 5. Let f be s(-6). Is f/4 + (-6999)/(-12) a composite number?
True
Let q = 5 + 0. Suppose -2*f = -f - h + 4, -4*h - 20 = q*f. Let n(o) = -2*o**3 + o**2 + 3*o - 5. Is n(f) composite?
False
Suppose 0 = 2*z + 2*z - 60. Suppose -14*w - 71 = -z*w. Is w a composite number?
False
Suppose 0 = 86*n - 1172507 - 1389347. Is n a prime number?
True
Suppose 905 = 2*b + 459. Is b composite?
False
Let j = -3925 - -20588. Is j prime?
False
Suppose 5*p = 35 + 15. Is (-602)/(-4) - -3*(-5)/p a composite number?
False
Let b be (-2)/(-4 - -2) - 1. Suppose -4*p - 2*g + 13078 = b, -p = 5*g - 1699 - 1557. Is p prime?
True
Let m(x) = 4*x**2 - 8*x + 9. Let b be (-6)/15 - (-148)/20. Is m(b) prime?
True
Let o be 7/14 - 7/(-2). Suppose -o*p - 5*s + 440 + 2256 = 0, -659 = -p - 5*s. Is p a prime number?
False
Let z = -2676 - -13859. Is z prime?
False
Let f = -2 + 2. Let r be 1 + (-482 - (2 - f)). Let p = 718 + r. Is p prime?
False
Suppose 26*w = 22*w - 20788. Let t = w - -8836. Is t prime?
False
Suppose -5*n = -0*n - 25, 5*k + 4*n = -135. Let w = k - -35. Is (-4 + w - -1115)/1 prime?
False
Let q be ((-120)/100)/(2/45). Let w = 62 + 11. Let k = w + q. Is k prime?
False
Let q = 1773 + 1749. Is ((-10)/15)/((-4)/q) a composite number?
False
Is ((-388026)/(-54))/(-1 + (-12)/(-9)) a composite number?
False
Suppose -5*k - 2*u + 62 = 3, -2*k = 3*u - 17. Suppose -3*f - k + 1204 = 0. Is f a prime number?
True
Is -1 - (7 - 0) - -18877 prime?
True
Let y(a) = a**3 + 14*a**2 - a - 9. Let o be y(-14). Suppose -469 - 501 = -o*c. Is (2 - 1)*(-3 + c) prime?
True
Suppose 0 = 4*k - 5*p - 6 - 35, 0 = -4*k - 4*p - 4. Suppose k*z - 2734 = 2534. Suppose 0 = 3*b - z + 198. Is b composite?
False
Let p = -7226 - -12067. Is p composite?
True
Suppose 15*x = 21*x - 18. Suppose 0 = x*q - 2*i - i - 9804, 4*q + 3*i - 13093 = 0. Is q prime?
True
Suppose -v - 3*v + 492 = 4*r, 0 = 4*v. Suppose -3*p - r = -4*p. Is p a composite number?
True
Let m = 4846 + -3261. Is m composite?
True
Let m = 57518 - 23557. Is m a composite number?
False
Suppose 0 = -7*p + 9*p - 7918. Suppose -2*s = -5*j + p, 3*j - s = 1686 + 690. Is j composite?
True
Suppose 4*d - 5*h + 3*h - 4428 = 0, -2*h - 1104 = -d. Suppose -4*q = -160 - d. Suppose 141 = -0*x + x - 4*k, 0 = 2*x - k - q. Is x a composite number?
True
Suppose -121502 - 43033 = -15*k. Is k composite?
True
Suppose 0 = 2*b - 7086 + 612. Suppose -2*z + b = z. Is z prime?
False
Suppose -3*w + 5*w = -4*j + 2, -5*w - j + 41 = 0. Suppose 7339 = 4*z + o, 4*z - w*z = -3*o - 9178. Is z a composite number?
True
Suppose -3*t + 4 = -t. Let y = -4 - -9. Suppose -t*u + y*u = 2991. Is u composite?
False
Suppose -4*m = -4*q - 1328, 31 - 25 = 2*q. Is m prime?
False
Suppose 3*l = 2*l + 3. Let m be (-1 + l + -7)*-1. Suppose -4*n + 485 = 3*z, m - 368 = -3*n - 2*z. Is n composite?
True
Is -19 + 15 - (-6200 + -1) prime?
True
Is (-4)/(-6)*(-169539)/(-62) a composite number?
False
Suppose -w = -4 + 1. Suppose -5*k = 5*o - 20, w*k + 3*o - 17 = -k. Suppose 5*z - 1980 = -k*x, 0*x + x + 1 = 0. Is z a prime number?
True
Let q be ((-1614)/12 - -6)/((-1)/62). Let j = q + -1024. Is j a prime number?
False
Let c(v) = 2*v**3 + 10*v**2 - 5*v + 7. Let z(w) = -5*w**3 - 20*w**2 + 11*w - 15. Let r(a) = 7*c(a) + 3*z(a). Let m = 1 + 8. Is r(m) prime?
True
Suppose -22*h = -3*v - 26*h + 14707, -v + 4894 = 3*h. Is v a composite number?
False
Let a = 8625 - -22976. Is a a composite number?
False
Suppose -3 = -t - 2*t. Let f be (2 + -1)*27/t. Suppose -4*m - 138 = -j, -3*j - 2*m + 317 = -f. Is j prime?
False
Let g(a) = -118*a**3 + 5*a**2 + 7. Is g(-4) a composite number?
False
Let n(q) = 1. Let m(j) = 36*j - 27. Let k(r) = m(r) - 2*n(r). Is k(13) a composite number?
False
Let n be -28*(2 + -1 + (-31)/2). Let j = -157 + n. Is j composite?
True
Suppose 2*y = 150979 - 50157. Is y prime?
True
Let u be ((-12)/(-16))/(2/8). Suppose -4*p - 996 = -3*h, -u*h = -5*p - 575 - 670. Is p/(-2)*6/9 a composite number?
False
Let m = 5820 + -3877. Is m a prime number?
False
Is (-529 + -7)*(-9)/36 prime?
False
Let u(i) = 285*i - 7. Let w be u(6). Suppose -3*x = 2*r - w, -r + 2*r - 1702 = -3*x. Is 4/(-16) - x/(-12) a prime number?
True
Suppose -q + 4 = -0. Suppose 15 = q*r + 3. Suppose -4*f + 132 = -2*s, r*f - s = 3*s + 94. Is f composite?
True
Let u(s) = 6*s**2 - 16*s + 23. Is u(21) a prime number?
True
Let k be (1*-1)/((-4)/20). Suppose 4 = l, l - 2*l + 34 = -k*n. Let g(x) = 12*x**2 + 6*x + 1. Is g(n) a composite number?
False
Is ((-702710)/4)/5*(-9 - -7) prime?
True
Let x(c) = 514*c + 93. Is x(11) prime?
False
Let h be 4/3 - 12/9 - -4. Suppose 2*w = 3*r + 3*w - 794, 0 = -2*r - h*w + 526. Is r a prime number?
False
Let u(y) = y**2 - 11*y + 4. Let a be u(11). Let b be 66/(-9) + a/(-6). Is ((-2)/6)/(b/840) a composite number?
True
Suppose 2*n = -m - 3*m + 18, 2*n - 20 = -5*m. Is (3 - m - 3)/((-4)/46) a prime number?
True
Suppose -2*x = -3*a + 13 - 1, -5*a = -3*x - 18. Is (x/(-8))/(5/200*2) a composite number?
True
Let t = 5120 - 3538. Suppose 0 = c + 6*c - t. Is c composite?
True
Let q(n) = -2*n**3 - 26*n**2 - 27*n - 14. Is q(-19) composite?
False
Let v(n) be the second derivative of 67*n**4/12 - n**3/3 - 3*n**2/2 - n. Is v(-2) prime?
True
Let a be (-6 + 0)*1/(-2). Suppose -a*q = 746 - 5327. Is q composite?
True
Let v(l) = -l - 2. Let q = 20 + -24. Let b be v(q). Suppose 2*n - 4*n = b*s - 82, n - 4 = 0. Is s a composite number?
False
Let l = -2666 + 21122. Is (l/(-32))/((-6)/8) prime?
True
Suppose -9776 + 577 = -w. Is w composite?
False
Let i = -156 + 75. Let b = 34 - i. Is b prime?
False
Suppose -k - 21 = -5*j, 0*j - 4*j = -2*k - 18. Suppose 1 + j = 5*g. Is (-2)/((-2)/g) - -24 a composite number?
True
Suppose -2*l = 78 + 38. Let d = l - -19. Let u = 108 + d. Is u a prime number?
False
Let c = 2141 + -468. Is c composite?
True
Let m = 394 + -125. Let q be 2 + 2 + 69 + 9. Suppose -q = f - m. Is f a prime number?
False
Let j(x) = 19*x**3 + 5*x**2 + 10*x + 9. Is j(5) a composite number?
True
Suppose 3570 - 852 = 3*r. Let h(c) = -4*c**3 + c**2 - 2*c - 2. Let o be h(-2). Suppose o = -4*u + r. Is u a composite number?
True
Let p = -20 - -32. Let t = -49 - -108. Let d = t - p. Is d a prime number?
True
Let u be (-22)/55 + (-32)/(-5). Let y be ((-26)/u)/((-11)/(-330)). Let n = y + 249. Is n prime?
False
Let z(a) = 429*a**3 - 4*a**2 + 10*a - 3. Is z(2) a composite number?
False
Let j(l) be the third derivative of 253*l**6/120 + l**5/30 - l**4/24 - 12*l**2. Is j(1) composite?
True
Let h(c) = 282*c - 1. Is h(5) composite?
False
Suppose 0 = -r - 3*w - 6, 4*w = -2*r + 6*r - 24. Suppose -4*z + s + 2792 = -3*s, r*s = -z + 710. Is z a prime number?
True
Suppose -55252 = -p + 5*s, -55258 = -p + 24*s - 21*s. Is p prime?
False
Let x = -54 - -58. Let r(v) = -v**2 - 19*v - 14. Let l be r(-18). Suppose p + l*c = 6*p - 1111, -x*c + 4 = 0. Is p a prime number?
True
Suppose 2 + 2 = 2*u. Suppose -3*r = 3*z - 123, -4*r + u*z = z - 144. Let d = r - -18. Is d composite?
True
Suppose 10*t - 9*t = -5*l + 9369, 0 = 2*t - 5*l - 18678. Is t a composite number?
False
Suppose 0 = 4*t + 3*y - 367550, 5*y - 333251 = -5*t + 126189. Is t a composite number?
True
Suppose -2*b = -3*b + 4*z + 691, 3*b - 2073 = 5*z. Is b composite?
False
Let w(i) = i**2 - 7*i - 2. Let q be w(8). Is -1 - (-44)/q*(-2 + 5) a composite number?
True
Is ((-25)/(-250) - 4/(-10))*20318 prime?
True
Let u(c) = 9*c + 8. Let x be 2 + 2*(3 + 2). Let b be u(x). Suppose -3*t + 49 = 2*z, z = 6*z + t - b. Is z composite?
False
Is (440